584450?
4
What is the tens digit of 592499167?
6
What is the thousands digit of 63496505?
6
What is the hundred millions digit of 983422512?
9
What is the hundred millions digit of 126023117?
1
What is the ten thousands digit of 757913261?
1
What is the units digit of 399048288?
8
What is the ten millions digit of 27685824?
2
What is the units digit of 414471758?
8
What is the ten thousands digit of 80241105?
4
What is the thousands digit of 3077647620?
7
What is the tens digit of 126997856?
5
What is the millions digit of 49515102?
9
What is the units digit of 164293315?
5
What is the ten thousands digit of 56820798?
2
What is the units digit of 7593815?
5
What is the thousands digit of 159456703?
6
What is the hundred millions digit of 169664916?
1
What is the thousands digit of 47962561?
2
What is the ten millions digit of 261687838?
6
What is the hundred thousands digit of 44218638?
2
What is the tens digit of 4096675815?
1
What is the thousands digit of 13312283?
2
What is the thousands digit of 290623332?
3
What is the ten thousands digit of 19789514?
8
What is the hundred thousands digit of 187531765?
5
What is the thousands digit of 337780475?
0
What is the hundred thousands digit of 64039928?
0
What is the ten thousands digit of 339598129?
9
What is the ten thousands digit of 389351917?
5
What is the units digit of 1521487684?
4
What is the hundreds digit of 86490691?
6
What is the ten millions digit of 64407645?
6
What is the tens digit of 1697497858?
5
What is the ten thousands digit of 699136905?
3
What is the thousands digit of 337938358?
8
What is the hundred thousands digit of 227196689?
1
What is the ten thousands digit of 41387292?
8
What is the thousands digit of 3866456805?
6
What is the millions digit of 151060578?
1
What is the hundred millions digit of 876716544?
8
What is the tens digit of 58956109?
0
What is the millions digit of 196327767?
6
What is the millions digit of 411848582?
1
What is the millions digit of 18907766?
8
What is the ten thousands digit of 80544272?
4
What is the ten thousands digit of 39303078?
0
What is the hundred millions digit of 1005036040?
0
What is the hundred thousands digit of 8445679?
4
What is the millions digit of 15333044?
5
What is the billions digit of 2184948086?
2
What is the hundreds digit of 5949171841?
8
What is the ten millions digit of 80150553?
8
What is the tens digit of 882020952?
5
What is the tens digit of 260830501?
0
What is the thousands digit of 3087438988?
8
What is the thousands digit of 2036862000?
2
What is the billions digit of 1721501097?
1
What is the millions digit of 25410041?
5
What is the hundreds digit of 1891583607?
6
What is the millions digit of 81295811?
1
What is the hundred millions digit of 979415310?
9
What is the hundreds digit of 178665957?
9
What is the hundreds digit of 1764433056?
0
What is the units digit of 481423333?
3
What is the ten thousands digit of 2285950234?
5
What is the hundred millions digit of 198572373?
1
What is the thousands digit of 1654142333?
2
What is the hundred thousands digit of 247434071?
4
What is the ten millions digit of 36468980?
3
What is the ten thousands digit of 450128545?
2
What is the millions digit of 129737755?
9
What is the tens digit of 151374121?
2
What is the millions digit of 355211923?
5
What is the tens digit of 30753641?
4
What is the millions digit of 5266543357?
6
What is the ten millions digit of 3184945261?
8
What is the hundreds digit of 123587790?
7
What is the hundred thousands digit of 182562744?
5
What is the hundred millions digit of 732355180?
7
What is the ten thousands digit of 895177409?
7
What is the tens digit of 74702407?
0
What is the ten thousands digit of 4841622625?
2
What is the thousands digit of 48442944?
2
What is the hundreds digit of 1824609610?
6
What is the millions digit of 726749104?
6
What is the hundreds digit of 1048718286?
2
What is the ten thousands digit of 835783630?
8
What is the units digit of 4989764198?
8
What is the ten thousands digit of 726098213?
9
What is the hundred thousands digit of 3144998392?
9
What is the thousands digit of 983083778?
3
What is the hundred millions digit of 107348538?
1
What is the hundred thousands digit of 231833826?
8
What is the hundred millions digit of 302320830?
3
What is the hundreds digit of 9170248523?
5
What is the units digit of 213657219?
9
What is the units digit of 483207833?
3
What is the hundred thousands digit of 1169377912?
3
What is the units digit of 200850546?
6
What is the hundred thousands digit of 584118247?
1
What is the thousands digit of 140598411?
8
What is the units digit of 1226140916?
6
What is the millions digit of 44972540?
4
What is the thousands digit of 32200531?
0
What is the units digit of 104557777?
7
What is the hundred millions digit of 3621184607?
6
What is the millions digit of 786519146?
6
What is the ten thousands digit of 60794781?
9
What is the units digit of 358058004?
4
What is the hundreds digit of 7660866?
8
What is the tens digit of 67180544?
4
What is the ten millions digit of 411286763?
1
What is the ten millions digit of 2254818868?
5
What is the units digit of 53648018?
8
What is the ten thousands digit of 10326373?
2
What is the tens digit of 920814897?
9
What is the thousands digit of 550963523?
3
What is the hundred millions digit of 2567799797?
5
What is the thousands digit of 24156357?
6
What is the hundreds digit of 35821826?
8
What is the ten millions digit of 39577099?
3
What is the thousands digit of 34343562?
3
What is the hundred thousands digit of 162211961?
2
What is the thousands digit of 41423024?
3
What is the tens digit of 541216967?
6
What is the ten millions digit of 320603101?
2
What is the hundreds digit of 52508947?
9
What is the hundreds digit of 50664724?
7
What is the millions digit of 788726686?
8
What is the units digit of 29791206?
6
What is the millions digit of 5703255005?
3
What is the millions digit of 885338693?
5
What is the ten millions digit of 138325897?
3
What is the thousands digit of 1927584672?
4
What is the tens digit of 596020785?
8
What is the hundred millions digit of 7487897304?
4
What is the hundred millions digit of 779874169?
7
What is the units digit of 7295954659?
9
What is the tens digit of 12384763?
6
What is the ten millions digit of 1618230047?
1
What is the thousands digit of 4534084547?
4
What is the units digit of 274755354?
4
What is the ten thousands digit of 215926806?
2
What is the millions digit of 1179795132?
9
What is the hundreds digit of 895691376?
3
What is the tens digit of 41201610?
1
What is the tens digit of 27866921?
2
What is the units digit of 64911372?
2
What is the hundred thousands digit of 191299602?
2
What is the hundreds digit of 41339130?
1
What is the ten thousands digit of 6025435?
2
What is the ten thousands digit of 1136431174?
3
What is the billions digit of 3327694888?
3
What is the hundred millions digit of 5597044593?
5
What is the thousands digit of 85692953?
2
What is the hundred thousands digit of 401728388?
7
What is the units digit of 1525456237?
7
What is the ten thousands digit of 405569289?
6
What is the thousands digit of 301985588?
5
What is the hundreds digit of 28533385?
3
What is the hundred thousands digit of 230211205?
2
What is the hundred thousands digit of 116148327?
1
What is the hundred thousands digit of 226633822?
6
What is the ten millions digit of 71624224?
7
What is the hundred millions digit of 238802753?
2
What is the hundred millions digit of 114624584?
1
What is the units digit of 159135244?
4
What is the tens digit of 77301102?
0
What is the millions digit of 1879649961?
9
What is the millions digit of 474582646?
4
What is the tens digit of 134048199?
9
What is the hundreds digit of 18967219?
2
What is the hundreds digit of 208907048?
0
What is the hundreds digit of 1395830028?
0
What is the millions digit of 55735062?
5
What is the hundred thousands digit of 20662461?
6
What is the ten millions digit of 318895973?
1
What is the billions digit of 7560748985?
7
What is the millions digit of 52217451?
2
What is the hundred millions digit of 2954815182?
9
What is the ten thousands digit of 773479696?
7
What is the ten thousands digit of 2856915352?
1
What